{"id":115,"date":"2025-08-01T14:24:41","date_gmt":"2025-08-01T12:24:41","guid":{"rendered":"https:\/\/www.medixwell.hu\/?page_id=115"},"modified":"2025-08-01T14:24:46","modified_gmt":"2025-08-01T12:24:46","slug":"kiegeszitok-2","status":"publish","type":"page","link":"https:\/\/www.medixwell.hu\/?page_id=115","title":{"rendered":"Kieg\u00e9sz\u00edt\u0151k"},"content":{"rendered":"\t\t<div data-elementor-type=\"wp-page\" data-elementor-id=\"115\" class=\"elementor elementor-115\">\n\t\t\t\t<div class=\"elementor-element elementor-element-6185da5 e-flex e-con-boxed e-con e-parent\" data-id=\"6185da5\" data-element_type=\"container\" data-settings=\"{&quot;background_background&quot;:&quot;classic&quot;}\">\n\t\t\t\t\t<div class=\"e-con-inner\">\n\t\t<div class=\"elementor-element elementor-element-acd8a42 e-con-full e-flex e-con e-child\" data-id=\"acd8a42\" data-element_type=\"container\">\n\t\t\t\t<div class=\"elementor-element elementor-element-0e68898 elementor-widget elementor-widget-heading\" data-id=\"0e68898\" data-element_type=\"widget\" data-widget_type=\"heading.default\">\n\t\t\t\t\t<h2 class=\"elementor-heading-title elementor-size-default\">Sz\u00e9ps\u00e9g \u00e9s k\u00e9nyelmes megold\u00e1sok<\/h2>\t\t\t\t<\/div>\n\t\t\t\t<\/div>\n\t\t<div class=\"elementor-element elementor-element-8fd0565 e-con-full e-flex e-con e-child\" data-id=\"8fd0565\" data-element_type=\"container\">\n\t\t\t\t<div class=\"elementor-element elementor-element-fb70a6f elementor-widget elementor-widget-text-editor\" data-id=\"fb70a6f\" data-element_type=\"widget\" data-widget_type=\"text-editor.default\">\n\t\t\t\t\t\t\t\t\t<p>Fedezze fel pr\u00e9mium kateg\u00f3ri\u00e1s text\u00edli\u00e1inkat, amelyek a sz\u00e9ps\u00e9g, eg\u00e9szs\u00e9g \u00e9s wellness ter\u00fclet\u00e9n k\u00edn\u00e1lnak megold\u00e1sokat. Innovat\u00edv design \u00e9s magas min\u0151s\u00e9g \u00f6tv\u00f6z\u00e9se, hogy megterm\u00e9keny\u00edtse sz\u00e9ps\u00e9g\u00e1pol\u00e1si \u00e9lm\u00e9nyeit a SPA, pedik\u0171r \u00e9s orvosi szektorban. Fedezze fel term\u00e9keink soksz\u00edn\u0171s\u00e9g\u00e9t, amelyek t\u00f6k\u00e9letesen illeszkednek ig\u00e9nyeihez.<\/p>\t\t\t\t\t\t\t\t<\/div>\n\t\t\t\t<\/div>\n\t\t\t\t\t<\/div>\n\t\t\t\t<\/div>\n\t\t<div class=\"elementor-element elementor-element-edc91cc e-flex e-con-boxed e-con e-parent\" data-id=\"edc91cc\" data-element_type=\"container\">\n\t\t\t\t\t<div class=\"e-con-inner\">\n\t\t<div class=\"elementor-element elementor-element-ea671c7 e-con-full e-flex e-con e-child\" data-id=\"ea671c7\" data-element_type=\"container\">\n\t\t\t\t<div class=\"elementor-element elementor-element-74026e1 elementor-widget elementor-widget-heading\" data-id=\"74026e1\" data-element_type=\"widget\" data-widget_type=\"heading.default\">\n\t\t\t\t\t<h2 class=\"elementor-heading-title elementor-size-default\">Fedezze fel term\u00e9keinket<\/h2>\t\t\t\t<\/div>\n\t\t\t\t<div class=\"elementor-element elementor-element-c2db2cb elementor-widget elementor-widget-heading\" data-id=\"c2db2cb\" data-element_type=\"widget\" data-widget_type=\"heading.default\">\n\t\t\t\t\t<h5 class=\"elementor-heading-title elementor-size-default\">Min\u0151s\u00e9gi text\u00edli\u00e1k sz\u00e9les v\u00e1laszt\u00e9ka, amelyeket a legjobb szakemberek is haszn\u00e1lnak.<\/h5>\t\t\t\t<\/div>\n\t\t\t\t<\/div>\n\t\t<div class=\"elementor-element elementor-element-4adf70f e-grid e-con-full e-con e-child\" data-id=\"4adf70f\" data-element_type=\"container\">\n\t\t<div class=\"elementor-element elementor-element-af7d55d e-con-full e-flex e-con e-child\" data-id=\"af7d55d\" data-element_type=\"container\">\n\t\t\t\t<div class=\"elementor-element elementor-element-e7f8872 elementor-widget elementor-widget-image\" data-id=\"e7f8872\" data-element_type=\"widget\" data-widget_type=\"image.default\">\n\t\t\t\t\t\t\t\t\t\t\t\t\t\t\t<img fetchpriority=\"high\" decoding=\"async\" width=\"800\" height=\"800\" src=\"https:\/\/www.medixwell.hu\/wp-content\/uploads\/2025\/08\/wireframe-img-1-e1708013680578-2-1024x1024.png\" class=\"attachment-large size-large wp-image-72\" alt=\"\" srcset=\"https:\/\/www.medixwell.hu\/wp-content\/uploads\/2025\/08\/wireframe-img-1-e1708013680578-2-1024x1024.png 1024w, https:\/\/www.medixwell.hu\/wp-content\/uploads\/2025\/08\/wireframe-img-1-e1708013680578-2-300x300.png 300w, https:\/\/www.medixwell.hu\/wp-content\/uploads\/2025\/08\/wireframe-img-1-e1708013680578-2-150x150.png 150w, https:\/\/www.medixwell.hu\/wp-content\/uploads\/2025\/08\/wireframe-img-1-e1708013680578-2-768x767.png 768w, https:\/\/www.medixwell.hu\/wp-content\/uploads\/2025\/08\/wireframe-img-1-e1708013680578-2.png 1081w\" sizes=\"(max-width: 800px) 100vw, 800px\" \/>\t\t\t\t\t\t\t\t\t\t\t\t\t\t\t<\/div>\n\t\t\t\t<div class=\"elementor-element elementor-element-4bef557 elementor-widget elementor-widget-heading\" data-id=\"4bef557\" data-element_type=\"widget\" data-widget_type=\"heading.default\">\n\t\t\t\t\t<h2 class=\"elementor-heading-title elementor-size-default\">Szakmai t\u00f6r\u00f6lk\u00f6z\u0151<\/h2>\t\t\t\t<\/div>\n\t\t\t\t<div class=\"elementor-element elementor-element-2da39b7 elementor-widget elementor-widget-heading\" data-id=\"2da39b7\" data-element_type=\"widget\" data-widget_type=\"heading.default\">\n\t\t\t\t\t<h2 class=\"elementor-heading-title elementor-size-default\">22$<\/h2>\t\t\t\t<\/div>\n\t\t\t\t<div class=\"elementor-element elementor-element-56b565a elementor-widget elementor-widget-paypal-button\" data-id=\"56b565a\" data-element_type=\"widget\" data-widget_type=\"paypal-button.default\">\n\t\t\t\t<div class=\"elementor-widget-container\">\n\t\t\t\t\t \t\t\t\t<\/div>\n\t\t\t\t<\/div>\n\t\t\t\t<\/div>\n\t\t<div class=\"elementor-element elementor-element-3080024 e-con-full e-flex e-con e-child\" data-id=\"3080024\" data-element_type=\"container\">\n\t\t\t\t<div class=\"elementor-element elementor-element-e9c95d3 elementor-widget elementor-widget-image\" data-id=\"e9c95d3\" data-element_type=\"widget\" data-widget_type=\"image.default\">\n\t\t\t\t\t\t\t\t\t\t\t\t\t\t\t<img fetchpriority=\"high\" decoding=\"async\" width=\"800\" height=\"800\" src=\"https:\/\/www.medixwell.hu\/wp-content\/uploads\/2025\/08\/wireframe-img-1-e1708013680578-2-1024x1024.png\" class=\"attachment-large size-large wp-image-72\" alt=\"\" srcset=\"https:\/\/www.medixwell.hu\/wp-content\/uploads\/2025\/08\/wireframe-img-1-e1708013680578-2-1024x1024.png 1024w, https:\/\/www.medixwell.hu\/wp-content\/uploads\/2025\/08\/wireframe-img-1-e1708013680578-2-300x300.png 300w, https:\/\/www.medixwell.hu\/wp-content\/uploads\/2025\/08\/wireframe-img-1-e1708013680578-2-150x150.png 150w, https:\/\/www.medixwell.hu\/wp-content\/uploads\/2025\/08\/wireframe-img-1-e1708013680578-2-768x767.png 768w, https:\/\/www.medixwell.hu\/wp-content\/uploads\/2025\/08\/wireframe-img-1-e1708013680578-2.png 1081w\" sizes=\"(max-width: 800px) 100vw, 800px\" \/>\t\t\t\t\t\t\t\t\t\t\t\t\t\t\t<\/div>\n\t\t\t\t<div class=\"elementor-element elementor-element-3135ebd elementor-widget elementor-widget-heading\" data-id=\"3135ebd\" data-element_type=\"widget\" data-widget_type=\"heading.default\">\n\t\t\t\t\t<h2 class=\"elementor-heading-title elementor-size-default\">Wellness leped\u0151<\/h2>\t\t\t\t<\/div>\n\t\t\t\t<div class=\"elementor-element elementor-element-f3f4ca5 elementor-widget elementor-widget-heading\" data-id=\"f3f4ca5\" data-element_type=\"widget\" data-widget_type=\"heading.default\">\n\t\t\t\t\t<h2 class=\"elementor-heading-title elementor-size-default\">22$<\/h2>\t\t\t\t<\/div>\n\t\t\t\t<div class=\"elementor-element elementor-element-201a27c elementor-widget elementor-widget-paypal-button\" data-id=\"201a27c\" data-element_type=\"widget\" data-widget_type=\"paypal-button.default\">\n\t\t\t\t<div class=\"elementor-widget-container\">\n\t\t\t\t\t \t\t\t\t<\/div>\n\t\t\t\t<\/div>\n\t\t\t\t<\/div>\n\t\t<div class=\"elementor-element elementor-element-e276e45 e-con-full e-flex e-con e-child\" data-id=\"e276e45\" data-element_type=\"container\">\n\t\t\t\t<div class=\"elementor-element elementor-element-15c4fa3 elementor-widget elementor-widget-image\" data-id=\"15c4fa3\" data-element_type=\"widget\" data-widget_type=\"image.default\">\n\t\t\t\t\t\t\t\t\t\t\t\t\t\t\t<img fetchpriority=\"high\" decoding=\"async\" width=\"800\" height=\"800\" src=\"https:\/\/www.medixwell.hu\/wp-content\/uploads\/2025\/08\/wireframe-img-1-e1708013680578-2-1024x1024.png\" class=\"attachment-large size-large wp-image-72\" alt=\"\" srcset=\"https:\/\/www.medixwell.hu\/wp-content\/uploads\/2025\/08\/wireframe-img-1-e1708013680578-2-1024x1024.png 1024w, https:\/\/www.medixwell.hu\/wp-content\/uploads\/2025\/08\/wireframe-img-1-e1708013680578-2-300x300.png 300w, https:\/\/www.medixwell.hu\/wp-content\/uploads\/2025\/08\/wireframe-img-1-e1708013680578-2-150x150.png 150w, https:\/\/www.medixwell.hu\/wp-content\/uploads\/2025\/08\/wireframe-img-1-e1708013680578-2-768x767.png 768w, https:\/\/www.medixwell.hu\/wp-content\/uploads\/2025\/08\/wireframe-img-1-e1708013680578-2.png 1081w\" sizes=\"(max-width: 800px) 100vw, 800px\" \/>\t\t\t\t\t\t\t\t\t\t\t\t\t\t\t<\/div>\n\t\t\t\t<div class=\"elementor-element elementor-element-1164ebc elementor-widget elementor-widget-heading\" data-id=\"1164ebc\" data-element_type=\"widget\" data-widget_type=\"heading.default\">\n\t\t\t\t\t<h2 class=\"elementor-heading-title elementor-size-default\">Pedik\u0171r sz\u0151nyeg<\/h2>\t\t\t\t<\/div>\n\t\t\t\t<div class=\"elementor-element elementor-element-0ae1de1 elementor-widget elementor-widget-heading\" data-id=\"0ae1de1\" data-element_type=\"widget\" data-widget_type=\"heading.default\">\n\t\t\t\t\t<h2 class=\"elementor-heading-title elementor-size-default\">22$<\/h2>\t\t\t\t<\/div>\n\t\t\t\t<div class=\"elementor-element elementor-element-35b0845 elementor-widget elementor-widget-paypal-button\" data-id=\"35b0845\" data-element_type=\"widget\" data-widget_type=\"paypal-button.default\">\n\t\t\t\t<div class=\"elementor-widget-container\">\n\t\t\t\t\t \t\t\t\t<\/div>\n\t\t\t\t<\/div>\n\t\t\t\t<\/div>\n\t\t<div class=\"elementor-element elementor-element-a96eb89 e-con-full e-flex e-con e-child\" data-id=\"a96eb89\" data-element_type=\"container\">\n\t\t\t\t<div class=\"elementor-element elementor-element-7a929c0 elementor-widget elementor-widget-image\" data-id=\"7a929c0\" data-element_type=\"widget\" data-widget_type=\"image.default\">\n\t\t\t\t\t\t\t\t\t\t\t\t\t\t\t<img fetchpriority=\"high\" decoding=\"async\" width=\"800\" height=\"800\" src=\"https:\/\/www.medixwell.hu\/wp-content\/uploads\/2025\/08\/wireframe-img-1-e1708013680578-2-1024x1024.png\" class=\"attachment-large size-large wp-image-72\" alt=\"\" srcset=\"https:\/\/www.medixwell.hu\/wp-content\/uploads\/2025\/08\/wireframe-img-1-e1708013680578-2-1024x1024.png 1024w, https:\/\/www.medixwell.hu\/wp-content\/uploads\/2025\/08\/wireframe-img-1-e1708013680578-2-300x300.png 300w, https:\/\/www.medixwell.hu\/wp-content\/uploads\/2025\/08\/wireframe-img-1-e1708013680578-2-150x150.png 150w, https:\/\/www.medixwell.hu\/wp-content\/uploads\/2025\/08\/wireframe-img-1-e1708013680578-2-768x767.png 768w, https:\/\/www.medixwell.hu\/wp-content\/uploads\/2025\/08\/wireframe-img-1-e1708013680578-2.png 1081w\" sizes=\"(max-width: 800px) 100vw, 800px\" \/>\t\t\t\t\t\t\t\t\t\t\t\t\t\t\t<\/div>\n\t\t\t\t<div class=\"elementor-element elementor-element-6032d76 elementor-widget elementor-widget-heading\" data-id=\"6032d76\" data-element_type=\"widget\" data-widget_type=\"heading.default\">\n\t\t\t\t\t<h2 class=\"elementor-heading-title elementor-size-default\">Spa k\u00f6nt\u00f6s<\/h2>\t\t\t\t<\/div>\n\t\t\t\t<div class=\"elementor-element elementor-element-93fa491 elementor-widget elementor-widget-heading\" data-id=\"93fa491\" data-element_type=\"widget\" data-widget_type=\"heading.default\">\n\t\t\t\t\t<h2 class=\"elementor-heading-title elementor-size-default\">22$<\/h2>\t\t\t\t<\/div>\n\t\t\t\t<div class=\"elementor-element elementor-element-9c1356d elementor-widget elementor-widget-paypal-button\" data-id=\"9c1356d\" data-element_type=\"widget\" data-widget_type=\"paypal-button.default\">\n\t\t\t\t<div class=\"elementor-widget-container\">\n\t\t\t\t\t \t\t\t\t<\/div>\n\t\t\t\t<\/div>\n\t\t\t\t<\/div>\n\t\t\t\t<\/div>\n\t\t\t\t\t<\/div>\n\t\t\t\t<\/div>\n\t\t<div class=\"elementor-element elementor-element-68ca773 e-flex e-con-boxed e-con e-parent\" data-id=\"68ca773\" data-element_type=\"container\" data-settings=\"{&quot;background_background&quot;:&quot;classic&quot;}\">\n\t\t\t\t\t<div class=\"e-con-inner\">\n\t\t<div class=\"elementor-element elementor-element-5f41a01 e-con-full e-flex e-con e-child\" data-id=\"5f41a01\" data-element_type=\"container\">\n\t\t\t\t<div class=\"elementor-element elementor-element-54cd6c4 elementor-widget elementor-widget-image\" data-id=\"54cd6c4\" data-element_type=\"widget\" data-widget_type=\"image.default\">\n\t\t\t\t\t\t\t\t\t\t\t\t\t\t\t<img decoding=\"async\" width=\"1920\" height=\"1080\" src=\"https:\/\/www.medixwell.hu\/wp-content\/uploads\/2025\/08\/placeholder-demo-image-marquee-616x400-1.jpg\" class=\"attachment-full size-full wp-image-76\" alt=\"\" srcset=\"https:\/\/www.medixwell.hu\/wp-content\/uploads\/2025\/08\/placeholder-demo-image-marquee-616x400-1.jpg 1920w, https:\/\/www.medixwell.hu\/wp-content\/uploads\/2025\/08\/placeholder-demo-image-marquee-616x400-1-300x169.jpg 300w, https:\/\/www.medixwell.hu\/wp-content\/uploads\/2025\/08\/placeholder-demo-image-marquee-616x400-1-1024x576.jpg 1024w, https:\/\/www.medixwell.hu\/wp-content\/uploads\/2025\/08\/placeholder-demo-image-marquee-616x400-1-768x432.jpg 768w, https:\/\/www.medixwell.hu\/wp-content\/uploads\/2025\/08\/placeholder-demo-image-marquee-616x400-1-1536x864.jpg 1536w\" sizes=\"(max-width: 1920px) 100vw, 1920px\" \/>\t\t\t\t\t\t\t\t\t\t\t\t\t\t\t<\/div>\n\t\t\t\t<\/div>\n\t\t<div class=\"elementor-element elementor-element-ca047e2 e-con-full e-flex e-con e-child\" data-id=\"ca047e2\" data-element_type=\"container\">\n\t\t\t\t<div class=\"elementor-element elementor-element-eeba2e9 elementor-widget elementor-widget-heading\" data-id=\"eeba2e9\" data-element_type=\"widget\" data-widget_type=\"heading.default\">\n\t\t\t\t\t<h2 class=\"elementor-heading-title elementor-size-default\">Fedezze fel kieg\u00e9sz\u00edt\u0151ink el\u0151nyeit<\/h2>\t\t\t\t<\/div>\n\t\t\t\t<div class=\"elementor-element elementor-element-74daa8a elementor-widget elementor-widget-text-editor\" data-id=\"74daa8a\" data-element_type=\"widget\" data-widget_type=\"text-editor.default\">\n\t\t\t\t\t\t\t\t\t<p>Term\u00e9keink innovat\u00edv megold\u00e1sokat k\u00edn\u00e1lnak, amelyek a sz\u00e9ps\u00e9g, a wellness \u00e9s az orvosi ter\u00fcleteken is kiv\u00e1l\u00f3an alkalmazhat\u00f3k. Fedezze fel a k\u00fcl\u00f6nb\u00f6z\u0151 kieg\u00e9sz\u00edt\u0151k soksz\u00edn\u0171s\u00e9g\u00e9t, amelyek seg\u00edtenek a hat\u00e9konyabb munkav\u00e9gz\u00e9sben \u00e9s fokozz\u00e1k a vend\u00e9gek \u00e9lm\u00e9ny\u00e9t. Tekintse meg gal\u00e9ri\u00e1nkat, amely bemutatja term\u00e9keink r\u00e9szleteit \u00e9s el\u0151nyeit.<\/p>\t\t\t\t\t\t\t\t<\/div>\n\t\t<div class=\"elementor-element elementor-element-63af87f e-flex e-con-boxed e-con e-child\" data-id=\"63af87f\" data-element_type=\"container\">\n\t\t\t\t\t<div class=\"e-con-inner\">\n\t\t\t\t<div class=\"elementor-element elementor-element-e7336a5 elementor-widget__width-auto elementor-widget elementor-widget-button\" data-id=\"e7336a5\" data-element_type=\"widget\" data-widget_type=\"button.default\">\n\t\t\t\t\t\t\t\t\t\t<a class=\"elementor-button elementor-button-link elementor-size-sm\" href=\"#\">\n\t\t\t\t\t\t<span class=\"elementor-button-content-wrapper\">\n\t\t\t\t\t\t\t\t\t<span class=\"elementor-button-text\">Tov\u00e1bbi r\u00e9szletek<\/span>\n\t\t\t\t\t<\/span>\n\t\t\t\t\t<\/a>\n\t\t\t\t\t\t\t\t<\/div>\n\t\t\t\t\t<\/div>\n\t\t\t\t<\/div>\n\t\t\t\t<\/div>\n\t\t\t\t\t<\/div>\n\t\t\t\t<\/div>\n\t\t\t\t<\/div>\n\t\t","protected":false},"excerpt":{"rendered":"<p>Sz\u00e9ps\u00e9g \u00e9s k\u00e9nyelmes megold\u00e1sok Fedezze fel pr\u00e9mium kateg\u00f3ri\u00e1s text\u00edli\u00e1inkat, amelyek a sz\u00e9ps\u00e9g, eg\u00e9szs\u00e9g \u00e9s wellness ter\u00fclet\u00e9n k\u00edn\u00e1lnak megold\u00e1sokat. Innovat\u00edv design \u00e9s magas min\u0151s\u00e9g \u00f6tv\u00f6z\u00e9se, hogy megterm\u00e9keny\u00edtse sz\u00e9ps\u00e9g\u00e1pol\u00e1si \u00e9lm\u00e9nyeit a SPA, pedik\u0171r \u00e9s orvosi szektorban. Fedezze fel term\u00e9keink soksz\u00edn\u0171s\u00e9g\u00e9t, amelyek t\u00f6k\u00e9letesen illeszkednek ig\u00e9nyeihez. Fedezze fel term\u00e9keinket Min\u0151s\u00e9gi text\u00edli\u00e1k sz\u00e9les v\u00e1laszt\u00e9ka, amelyeket a legjobb szakemberek is haszn\u00e1lnak. [&hellip;]<\/p>\n","protected":false},"author":1,"featured_media":0,"parent":0,"menu_order":0,"comment_status":"closed","ping_status":"closed","template":"","meta":{"footnotes":""},"class_list":["post-115","page","type-page","status-publish","hentry"],"_links":{"self":[{"href":"https:\/\/www.medixwell.hu\/index.php?rest_route=\/wp\/v2\/pages\/115","targetHints":{"allow":["GET"]}}],"collection":[{"href":"https:\/\/www.medixwell.hu\/index.php?rest_route=\/wp\/v2\/pages"}],"about":[{"href":"https:\/\/www.medixwell.hu\/index.php?rest_route=\/wp\/v2\/types\/page"}],"author":[{"embeddable":true,"href":"https:\/\/www.medixwell.hu\/index.php?rest_route=\/wp\/v2\/users\/1"}],"replies":[{"embeddable":true,"href":"https:\/\/www.medixwell.hu\/index.php?rest_route=%2Fwp%2Fv2%2Fcomments&post=115"}],"version-history":[{"count":1,"href":"https:\/\/www.medixwell.hu\/index.php?rest_route=\/wp\/v2\/pages\/115\/revisions"}],"predecessor-version":[{"id":140,"href":"https:\/\/www.medixwell.hu\/index.php?rest_route=\/wp\/v2\/pages\/115\/revisions\/140"}],"wp:attachment":[{"href":"https:\/\/www.medixwell.hu\/index.php?rest_route=%2Fwp%2Fv2%2Fmedia&parent=115"}],"curies":[{"name":"wp","href":"https:\/\/api.w.org\/{rel}","templated":true}]}}